mmon factor of 17152 and 1206?
134
What is the greatest common factor of 2198 and 192482?
314
What is the highest common divisor of 18 and 7418421?
9
What is the greatest common divisor of 37333 and 555?
37
Calculate the highest common factor of 28850 and 130.
10
What is the greatest common factor of 873 and 12303?
9
What is the highest common factor of 334059 and 2915?
583
Calculate the greatest common divisor of 222 and 1511043.
111
What is the greatest common factor of 22580 and 100?
20
What is the highest common factor of 2173446 and 594?
594
Calculate the greatest common factor of 2 and 2506.
2
What is the greatest common factor of 5 and 24865?
5
What is the highest common factor of 42 and 1146292?
14
What is the greatest common factor of 238 and 16982?
14
What is the greatest common divisor of 4212 and 416?
52
What is the greatest common factor of 272 and 28628?
68
What is the highest common factor of 361364 and 1952?
244
Calculate the greatest common factor of 40 and 316840.
40
What is the greatest common factor of 28594 and 1836?
34
Calculate the greatest common divisor of 23 and 5105977.
23
Calculate the greatest common divisor of 116 and 26506.
58
Calculate the greatest common factor of 6105 and 144855.
555
Calculate the highest common divisor of 702259 and 1311.
437
Calculate the greatest common divisor of 2688 and 8876.
28
Calculate the highest common factor of 457236 and 39.
39
What is the highest common divisor of 61669 and 332?
83
What is the highest common divisor of 945 and 135?
135
Calculate the greatest common factor of 107 and 13798613.
107
Calculate the highest common factor of 492388 and 4420.
884
Calculate the highest common divisor of 3894 and 35754.
354
What is the greatest common divisor of 60143 and 42583?
439
Calculate the highest common divisor of 26112 and 8024.
136
Calculate the highest common divisor of 84 and 2976.
12
Calculate the greatest common factor of 112442 and 1782.
22
What is the highest common divisor of 34 and 67813?
17
Calculate the greatest common factor of 4347 and 7560.
189
Calculate the greatest common factor of 4346 and 2809.
53
What is the greatest common factor of 275030 and 10?
10
What is the highest common factor of 1820485 and 190?
95
Calculate the highest common divisor of 4 and 16082.
2
What is the greatest common divisor of 182 and 66300?
26
What is the greatest common factor of 77 and 62699?
7
Calculate the greatest common factor of 24145 and 47080.
55
What is the highest common divisor of 400555 and 15?
5
Calculate the greatest common factor of 31 and 233833.
31
Calculate the highest common divisor of 1111 and 8371.
11
What is the highest common divisor of 14822739 and 9?
9
Calculate the greatest common factor of 23 and 5162327.
23
Calculate the highest common factor of 871 and 16484.
13
Calculate the highest common divisor of 2416274 and 321.
107
What is the highest common factor of 31155 and 19189?
31
Calculate the greatest common factor of 358 and 9031982.
358
Calculate the greatest common factor of 99 and 128529.
9
What is the highest common factor of 1185 and 18480?
15
Calculate the highest common factor of 49830 and 90.
30
Calculate the greatest common factor of 85172 and 1284.
428
Calculate the greatest common divisor of 2101 and 1090801.
191
What is the highest common divisor of 760 and 148390?
190
What is the greatest common divisor of 4860 and 2799?
9
What is the highest common divisor of 19 and 708681?
19
Calculate the greatest common divisor of 2227 and 1853.
17
Calculate the highest common divisor of 305 and 38613.
61
What is the greatest common divisor of 2919 and 1344?
21
Calculate the greatest common factor of 8856 and 168.
24
Calculate the greatest common factor of 71266 and 104.
26
Calculate the highest common factor of 38635 and 25.
5
What is the greatest common factor of 207 and 11853?
9
Calculate the highest common factor of 2849 and 15466.
407
What is the greatest common factor of 2332 and 90?
2
Calculate the greatest common divisor of 26592 and 336.
48
Calculate the greatest common divisor of 13914 and 2909572.
1546
Calculate the greatest common factor of 780045 and 42.
21
Calculate the highest common factor of 674940 and 180.
60
Calculate the highest common divisor of 6672218 and 14.
14
What is the greatest common factor of 37635 and 130?
65
What is the highest common divisor of 32 and 301392?
16
Calculate the greatest common divisor of 443 and 221.
1
What is the greatest common divisor of 85 and 4998731?
17
Calculate the greatest common factor of 410639 and 94.
47
Calculate the greatest common factor of 133542 and 702.
54
Calculate the highest common factor of 4266 and 1242.
54
What is the highest common factor of 4890750 and 125?
125
Calculate the highest common divisor of 34 and 44644.
2
What is the highest common divisor of 168 and 920913?
21
Calculate the greatest common factor of 989 and 19757.
23
Calculate the highest common divisor of 394423 and 137.
137
What is the greatest common divisor of 22 and 1697421?
11
What is the highest common divisor of 25531 and 3751?
121
What is the greatest common divisor of 111856 and 3664?
16
Calculate the highest common divisor of 24 and 105876.
12
Calculate the greatest common divisor of 1400 and 160790.
70
Calculate the greatest common divisor of 1974 and 7203.
21
Calculate the greatest common divisor of 15 and 5105.
5
Calculate the greatest common divisor of 272691 and 1107.
369
Calculate the highest common divisor of 449 and 194417.
449
Calculate the greatest common factor of 44 and 150964.
44
Calculate the greatest common divisor of 10145688 and 12.
12
Calculate the greatest common divisor of 327480 and 4080.
120
What is the greatest common factor of 414075 and 60?
15
What is the highest common divisor of 42108 and 66?
66
Calculate the greatest common divisor of 4169 and 14828.
11
What is the greatest common factor of 190 and 1465?
5
What is the greatest common divisor of 64 and 1539440?
16
Calculate the highest common divisor of 168 and 10392.
24
Calculate the highest common divisor of 498 and 518169.
249
Calculate the greatest common factor of 1210 and 122936.
242
What is the highest common divisor of 1318 and 2218?
2
What is the greatest common factor of 61820 and 440?
220
Calculate the highest common factor of 38441 and 91.
13
What is the greatest common factor of 38 and 150309?
19
Calculate the greatest common divisor of 301 and 1462.
43
What is the greatest common factor of 366646 and 98?
14
What is the greatest common divisor of 721183 and 19?
19
What is the highest common divisor of 548 and 35894?
274
Calculate the greatest common divisor of 270139 and 2567.
151
Calculate the greatest common divisor of 2507900 and 125.
25
Calculate the greatest common factor of 9412284 and 4.
4
Calculate the greatest common divisor of 2301000 and 728.
104
Calculate the greatest common factor of 4 and 3611.
1
Calculate the greatest common divisor of 2047907 and 401.
401
Calculate the greatest common divisor of 14 and 3133039.
7
Calculate the greatest common divisor of 2548 and 15876.
196
Calculate the highest common divisor of 772620 and 790.
790
Calculate the greatest common divisor of 187 and 223074.
17
Calculate the highest common factor of 52 and 20189.
13
What is the highest common factor of 4510 and 2706902?
902
What is the highest common factor of 8268 and 702?
78
Calculate the highest common factor of 506 and 29810.
22
What is the greatest common factor of 24263 and 74066?
1277
Calculate the highest common factor of 40 and 11320.
40
Calculate the greatest common divisor of 18 and 3819.
3
What is the highest common factor of 74 and 2211268?
74
What is the highest common factor of 30350 and 100?
50
Calculate the greatest common divisor of 1230934 and 7714.
1102
Calculate the greatest common divisor of 31 and 157697.
31
Calculate the greatest common divisor of 16218 and 36.
18
Calculate the highest common factor of 6272 and 44492.
196
Calculate the greatest common divisor of 161308 and 8428.
196
Calculate the highest common factor of 35723 and 417.
139
What is the greatest common factor of 1450 and 3275?
25
Calculate the greatest common divisor of 354 and 693309.
177
Calculate the highest common divisor of 32 and 